126 - 4?
-133
In base 14, what is c + -399?
-38b
In base 16, what is -2 + 8?
6
In base 13, what is 1 - -1ba6?
1ba7
In base 16, what is 27 + 1?
28
In base 2, what is -110111 + 1011000?
100001
In base 13, what is -4 + 296?
292
In base 4, what is -12020 + 10?
-12010
In base 11, what is -27 + -11?
-38
In base 3, what is -202 - -11?
-121
In base 10, what is 1225 + 0?
1225
In base 9, what is 12 + 127?
140
In base 8, what is 563 + -2?
561
In base 14, what is 1 - 7a?
-79
In base 6, what is -11 + -330?
-341
In base 5, what is -143 + 10?
-133
In base 9, what is 0 - 1602?
-1602
In base 14, what is 5 - 8a?
-85
In base 14, what is -15 + 5?
-10
In base 9, what is 25 - 0?
25
In base 12, what is 2 + -139?
-137
In base 13, what is 7 + -202?
-1c8
In base 7, what is 2 + 1526?
1531
In base 6, what is -4 - 1435?
-1443
In base 3, what is 200000 - 20?
122210
In base 15, what is e + 5c5?
5d4
In base 10, what is 5 + -385?
-380
In base 2, what is -10 + -10011000?
-10011010
In base 5, what is 4 + 1141?
1200
In base 7, what is -1 + -2361?
-2362
In base 2, what is 1001 + 1101010?
1110011
In base 16, what is 7c + 0?
7c
In base 4, what is -3221 + 11?
-3210
In base 16, what is -1a4 - 1?
-1a5
In base 12, what is -14 + 49?
35
In base 3, what is -111 + 10111222?
10111111
In base 11, what is -465 + -10?
-475
In base 6, what is -3 + 242?
235
In base 3, what is 1012 - 10?
1002
In base 4, what is 1212 + -132?
1020
In base 7, what is 2155 + 10?
2165
In base 16, what is 0 + 27?
27
In base 2, what is -1111 + -11100100111?
-11100110110
In base 3, what is 102 - -1010?
1112
In base 3, what is 212210 + -11?
212122
In base 5, what is -10 - -221?
211
In base 11, what is 4 - 65?
-61
In base 12, what is -b + -2a8?
-2b7
In base 6, what is 2503 + -5?
2454
In base 4, what is -2210 + -111?
-2321
In base 9, what is 530 + 14?
544
In base 4, what is -120 + -12?
-132
In base 8, what is 5 + 214?
221
In base 10, what is 176 + 15?
191
In base 2, what is 101 - -1010?
1111
In base 14, what is 8270 + -5?
8269
In base 4, what is 3 + 322330?
322333
In base 16, what is 3 - -9f?
a2
In base 6, what is -4 - 53?
-101
In base 11, what is -254 + 3?
-251
In base 11, what is -15 + -5?
-1a
In base 3, what is 2020 - -10?
2100
In base 13, what is 131 + -3?
12b
In base 16, what is -2f + 0?
-2f
In base 4, what is -103200 + -11?
-103211
In base 10, what is 2 - -146?
148
In base 3, what is 20 + -11110?
-11020
In base 12, what is 850 + -2?
84a
In base 7, what is -1 - -14264?
14263
In base 3, what is 1001100 + 2?
1001102
In base 2, what is 100 + -1011?
-111
In base 8, what is -3 + -413?
-416
In base 13, what is -29 - 199?
-1c5
In base 2, what is 11 - -111011?
111110
In base 11, what is -153 + 1?
-152
In base 7, what is 61 - -114?
205
In base 2, what is 10001101 - 11?
10001010
In base 10, what is -755 - 1?
-756
In base 4, what is 10331 - -3?
11000
In base 7, what is -32 - 2?
-34
In base 10, what is 670 - -4?
674
In base 8, what is 266 + -4?
262
In base 15, what is 2 + -6a?
-68
In base 7, what is 0 + 2?
2
In base 8, what is 2217 + -4?
2213
In base 8, what is -77 - 2?
-101
In base 15, what is 132 - 3?
12e
In base 12, what is 8 - -15?
21
In base 13, what is 2 - 170?
-16b
In base 5, what is 1022 + -4?
1013
In base 12, what is -5 + -21?
-26
In base 3, what is 101 - -1022?
1200
In base 3, what is -201221 + -10?
-202001
In base 5, what is -210 - -102?
-103
In base 2, what is -101 - 1001110?
-1010011
In base 8, what is -1 - -2145?
2144
In base 2, what is 101 - -1101001100?
1101010001
In base 6, what is -1 + -1014?
-1015
In base 14, what is -4 - -13?
d
In base 6, what is -12 - 151?
-203
In base 14, what is -129 - 31?
-15a
In base 12, what is -1 - -21?
20
In base 13, what is -3c - -3?
-39
In base 2, what is -10010110000101 + 11?
-10010110000010
In base 13, what is 5 + -8a?
-85
In base 12, what is -2 + 422?
420
In base 5, what is -2 - 2244?
-2301
In base 11, what is 2 - -90?
92
In base 2, what is 101 - 1110000?
-1101011
In base 2, what is -10 + 11010?
11000
In base 2, what is -1010100010 - -11?
-1010011111
In base 5, what is -11 - 13104?
-13120
In base 4, what is -10321 + 11?
-10310
In base 11, what is -1 + -140?
-141
In base 10, what is -3 + 882?
879
In base 16, what is 4 + -39?
-35
In base 12, what is -4 + -2?
-6
In base 9, what is -301 - 5?
-306
In base 7, what is 2006 - 0?
2006
In base 11, what is -7 - -76?
6a
In base 8, what is 5 - 141?
-134
In base 3, what is 22101 + 12?
22120
In base 12, what is 5 + -129?
-124
In base 15, what is 607 - -6?
60d
In base 15, what is 3 + -1302?
-12ee
In base 11, what is -9a0 + -3?
-9a3
In base 2, what is -1001001 - -100?
-1000101
In base 7, what is 4 + -6415?
-6411
In base 16, what is 0 + -999?
-999
In base 11, what is -4 - 333?
-337
In base 16, what is -f - -8?
-7
In base 6, what is 0 - -2042?
2042
In base 11, what is -228 + 7?
-221
In base 15, what is -1ed - 8?
-206
In base 9, what is -20 - -132?
112
In base 6, what is 25 + 35?
104
In base 15, what is -266 - -17?
-24e
In base 15, what is -140 - 5?
-145
In base 12, what is -5 - -52?
49
In base 2, what is 11 + -11010100?
-11010001
In base 13, what is 1c6 + -1?
1c5
In base 14, what is 60 + 8?
68
In base 4, what is 3 + 31101?
31110
In base 10, what is -27 + 189?
162
In base 3, what is 120111 - 10?
120101
In base 8, what is -6 - -201?
173
In base 11, what is -1608 - -3?
-1605
In base 8, what is -2163 + -26?
-2211
In base 5, what is 40003 + 3?
40011
In base 7, what is -5 - 15350?
-15355
In base 16, what is -2 + -e0?
-e2
In base 9, what is -3 + 31?
27
In base 6, what is -20 - -50?
30
In base 3, what is 1011 - -1?
1012
In base 5, what is -344 - -220?
-124
In base 5, what is 0 + 14142?
14142
In base 12, what is 4 - -45?
49
In base 13, what is 1 - -a4?
a5
In base 12, what is -7 - -3a3?
398
In base 2, what is -11 - 101100000?
-101100011
In base 2, what is -110001000 + 11?
-110000101
In base 11, what is -22a - -2?
-228
In base 15, what is cc - -4?
d1
In base 15, what is a - -22?
2c
In base 2, what is -110011110101 + -100?
-110011111001
In base 16, what is -fa8 + 4?
-fa4
In base 2, what is 100 - 11011000?
-11010100
In base 13, what is 9 + -4ac?
-4a3
In base 16, what is 3ba + 13?
3cd
In base 5, what is 1030 + 10?
1040
In base 10, what is 8933 + 0?
8933
In base 6, what is 531 - -101?
1032
In base 4, what is 2 - 20231?
-20223
In base 9, what is -203 - 4?
-207
In base 3, what is 122 - 100?
22
In base 3, what is -20112 - -1101?
-12011
In base 11, what is -5 - -324?
31a
In base 11, what is -3 - 1422?
-1425
In base 3, what is -20 - -222?
202
In base 13, what is 271 + 0?
271
In base 9, what is 65 + 2?
67
In base 2, what is -10 - 100010001?
-100010011
In base 16, what is 594 + 2?
596
In base 12, what is -12a - 15?
-143
In base 2, what is 10100001 - -10?
10100011
In base 7, what is -3 + 64?
61
In base 4, what is 2212 + 113?
2331
In base 4, what is 2202 + -11?
2131
In base 12, what is 209 + 0?
209
In base 15, what is 96 - -10?
a6
In base 15, what is -4 + 76?
72
In base 9, what is -1 + -137?
-138
In base 12, what is -6 - 958?
-962
In base 9, what is 1 + 443?
444
In base 8, what is -3441 + 3?
-3436
In base 4, what is 12 + 1030?
1102
In base 4, what is 320 - -3133?
10113
In base 6, what is 2242 + 22?
2304
In base 7, what is 1446 - -2?
1451
In base 8, what is 65 - 127?
-42
In base 10, what is -5318 + -2?
-5320
In base 4, what is 1320213 - -2?
1320221
In base 2, what is 10110 - 10010?
100
In base 10, what is 909 + 5?
914
In base 3, what is 1002012 - 1?
1002011
In base 9, what is 4 - -3763?
3767
In base 16, what is 4 + -1301?
-12fd
In base 9, what is -563 + -3?
-566
In base 11, what is 2 - 21?
-1a
In base 15, what is -47d - 2?
-480
In base 10, what is -8 - 92?
-100
In base 15, what is -5 + 97?
92
In base 10, what is 1022 - -3?
1025
In base 9, what is -28 - 27?
-56
In base 4, what is 11211 - -2?
11213
In base 5, what is 10 + 2110?
2120
In base 7, what is 14 + 4115?
4132
In base 9, what is -147 + -58?
-216
In base 3, what is 1011 + 10?
1021
In base 9, what is -5 - -106?
101
In base 10, what is -663 + 1?
-662
In base 15, what is 1 - 66c?
-66b
In base 5, what is -10122 + -4?
-10131
In base 16, what is -8 - -32?
2a
In base 7, what is 5 - -204?
212
In base 7, what is -13 - -4?
-6
In base 10, what is 3 - 1070?
-1067
In base 11, what is 1935 - 2?
1933
In base 5, what is -103 - -310